
Is 106003317 a multiple of 49?
True
Is 15 a factor of 349720410?
True
Does 109 divide 8508213?
True
Does 60 divide 1629149660?
False
Is 27468987 a multiple of 239?
True
Is 6286 a factor of 2370758614?
True
Does 19 divide 7400019?
False
Is 17 a factor of 48767934?
True
Is 5256069 a multiple of 1392?
False
Is 1508 a factor of 353509884?
True
Is 933 a factor of 2160828?
True
Does 52 divide 412268064?
True
Is 22 a factor of 188320?
True
Is 312213111 a multiple of 3?
True
Is 85 a factor of 78699544?
False
Is 441569394 a multiple of 62?
True
Is 234 a factor of 741078?
True
Is 3 a factor of 9720660?
True
Is 38 a factor of 188723580?
True
Is 544517888 a multiple of 1088?
True
Is 5549077 a multiple of 518?
False
Does 6 divide 4953705?
False
Does 4571 divide 309171363?
False
Does 133 divide 31395847?
True
Is 1953 a factor of 3295883?
False
Does 48 divide 2137245839?
False
Is 917 a factor of 12507880?
True
Is 107 a factor of 668335458?
False
Is 212533896 a multiple of 404?
True
Does 3886 divide 16776240?
False
Is 56 a factor of 8773352?
True
Does 4656 divide 1625879856?
True
Does 3 divide 26815640?
False
Is 113 a factor of 90316579?
False
Is 1002 a factor of 710945110?
False
Is 662 a factor of 176082070?
True
Is 55 a factor of 15724335?
True
Does 11 divide 310638255?
False
Does 8 divide 7772719?
False
Is 5164 a factor of 422449222?
False
Is 672 a factor of 55524160?
False
Does 259 divide 786846144?
True
Is 18 a factor of 418449015?
False
Is 847223163 a multiple of 78?
False
Does 4282 divide 280587442?
False
Does 117 divide 26089447?
False
Is 745 a factor of 422730135?
True
Is 22644259 a multiple of 3?
False
Does 27 divide 21959883?
True
Is 129821295 a multiple of 23?
False
Does 7 divide 25835142?
False
Is 9 a factor of 534807147?
False
Does 1922 divide 42679932?
True
Is 25 a factor of 8797450?
True
Is 225 a factor of 29990465?
False
Is 1482646464 a multiple of 507?
True
Is 8868315 a multiple of 6?
False
Is 3108197 a multiple of 23?
True
Is 268255780 a multiple of 57?
False
Is 4136 a factor of 2126636072?
True
Is 7131329 a multiple of 37?
False
Is 1138935074 a multiple of 237?
False
Is 56565086 a multiple of 46?
False
Is 2517664 a multiple of 58?
True
Does 8 divide 215323586?
False
Does 1602 divide 330191424?
True
Is 81 a factor of 1430424981?
False
Does 5 divide 79056060?
True
Is 91454790 a multiple of 1330?
True
Is 156242225 a multiple of 877?
False
Is 10875488 a multiple of 8?
True
Is 3193220286 a multiple of 4734?
True
Is 18 a factor of 41540963?
False
Is 2240 a factor of 494285120?
True
Does 2 divide 698629?
False
Is 808427492 a multiple of 479?
False
Does 5 divide 6406753?
False
Is 1232 a factor of 394320080?
True
Is 235816044 a multiple of 6?
True
Is 2567 a factor of 48662619?
True
Does 16 divide 183492408?
False
Does 70 divide 32759020?
True
Is 128855520 a multiple of 3096?
True
Does 51 divide 127651215?
True
Is 36395991 a multiple of 726?
False
Does 61 divide 61020815?
False
Is 2727 a factor of 966599919?
False
Is 24427982 a multiple of 1720?
False
Is 596 a factor of 56347032?
True
Is 11629639 a multiple of 2278?
False
Does 1335 divide 15831765?
True
Does 4 divide 83125872?
True
Is 108262521 a multiple of 635?
False
Does 4 divide 210184950?
False
Does 194 divide 9078413?
False
Does 298 divide 104141166?
True
Does 44 divide 593301544?
True
Does 553 divide 1201187337?
True
Does 14 divide 66335006?
False
Does 1826 divide 83725752?
True
Is 1527630 a multiple of 78?
True
Is 171175053 a multiple of 13?
False
Is 292395750 a multiple of 4047?
True
Does 140 divide 6257300?
True
Does 30 divide 83121960?
True
Is 185683680 a multiple of 1820?
True
Does 618 divide 241741385?
False
Does 28 divide 127857290?
False
Does 157 divide 2039901?
True
Is 537545002 a multiple of 4478?
False
Is 5569 a factor of 2001040135?
False
Is 5496090 a multiple of 10?
True
Does 108 divide 18148495?
False
Does 2782 divide 903640894?
True
Is 3 a factor of 20082920?
False
Is 3349910 a multiple of 13?
False
Is 399654109 a multiple of 740?
False
Is 44 a factor of 380292?
True
Does 1570 divide 2175659155?
False
Is 2766 a factor of 150415080?
True
Is 21 a factor of 18288764?
False
Is 210210471 a multiple of 997?
True
Is 6 a factor of 123928540?
False
Is 1808468 a multiple of 158?
True
Is 188314320 a multiple of 8124?
True
Is 4 a factor of 85591564?
True
Is 53 a factor of 120774203?
False
Does 40 divide 21275840?
True
Is 38 a factor of 12341906?
True
Is 996651 a multiple of 82?
False
Is 30004170 a multiple of 35?
True
Is 5007600609 a multiple of 363?
True
Is 30 a factor of 741268888?
False
Does 322 divide 477806812?
False
Is 7 a factor of 4502018?
False
Is 114652683 a multiple of 15?
False
Is 337 a factor of 9578214?
True
Is 385 a factor of 45070795?
True
Does 63 divide 93917514?
False
Does 143 divide 327988661?
True
Is 877 a factor of 1383029?
True
Is 151 a factor of 42887926?
True
Is 35 a factor of 41402515?
True
Is 17 a factor of 5169293?
False
Does 10 divide 2382297452?
False
Does 178 divide 552141048?
True
Is 261 a factor of 17032599?
True
Does 1630 divide 111278630?
False
Does 46 divide 441368986?
False
Is 2225538 a multiple of 51?
True
Is 116808774 a multiple of 102?
False
Does 15 divide 397353016?
False
Does 109 divide 55083913?
True
Is 6 a factor of 9818829?
False
Does 102 divide 55610567?
False
Is 252037140 a multiple of 12?
True
Does 623 divide 118834784?
False
Does 15 divide 125025851?
False
Is 12 a factor of 20953547?
False
Is 178799036 a multiple of 853?
True
Is 91 a factor of 126040278?
True
Is 381 a factor of 275290026?
True
Is 8 a factor of 70526528?
True
Is 68206216 a multiple of 26?
True
Is 107 a factor of 19391931?
True
Does 836 divide 20509588?
True
Does 186 divide 120500637?
False
Does 339 divide 2038583610?
False
Does 2037 divide 186118653?
True
Is 7 a factor of 144350552?
False
Is 29661912 a multiple of 18?
True
Is 394761249 a multiple of 10?
False
Is 15076602 a multiple of 3?
True
Does 8 divide 32695232?
True
Does 10 divide 806997686?
False
Does 3755 divide 4285998305?
True
Is 14 a factor of 154575904?
True
Does 76 divide 10647524?
True
Is 33 a factor of 2576871?
True
Is 506 a factor of 4058557?
False
Is 19918432 a multiple of 37?
True
Is 410835179 a multiple of 921?
False
Is 3134 a factor of 112178634?
False
Is 877 a factor of 2287833726?
False
Is 42421236 a multiple of 44?
True
Is 2277036456 a multiple of 71?
True
Is 998417 a multiple of 107?
True
Is 1046342180 a multiple of 65?
True
Does 9 divide 16619993?
False
Does 2836 divide 94940772?
True
Is 114864939 a multiple of 8?
False
Is 2932 a factor of 182780880?
True
Does 91 divide 131912724?
False
Does 1781 divide 77416508?
True
Does 11 divide 80320831?
False
Does 2611 divide 115150322?
True
Is 9009120 a multiple of 1370?
True
Is 1720 a factor of 37864623?
False
Is 26841470 a multiple of 170?
True
Does 7 divide 2493778?
True
Does 643 divide 63576625?
True
Does 16 divide 522395120?
True
Does 191 divide 1162617?
True
Is 410886 a multiple of 189?
True
Does 945 divide 5614735389?
False
Does 10 divide 14206342?
False
Does 21 divide 22118754?
True
Is 9 a factor of 79514745?
False
Does 2 divide 12096620?
True
Is 100 a factor of 2170500?
True
Does 149 divide 1581113500?
True
Is 1775610109 a multiple of 1417?
True
Is 3310725 a multiple of 165?
True
Is 1213742507 a multiple of 11?
False
Is 8006292 a multiple of 252?
True
Is 86 a factor of 4385914?
True
Does 52 divide 18028972?
True
Does 917 divide 278539476?
False
Does 47 divide 1568496494?
False
Is 558 a factor of 6752916?
True
Is 58924811 a multiple of 290?
False
Is 236 a factor of 53582856?
True
Is 20 a factor of 1210548375?
False
Is 801 a factor of 294721542?
True
Is 19391254 a multiple of 391?
True
Does 222 divide 901962024?
True
Is 21 a factor of 31963957?
False
Is 15442668 even?
True
Is 70982402 a multiple of 532?
False
Is 686804668 a multiple of 352?
False
Is 195028994 a multiple of 2798?
True
Is 33 a factor of 15979067?
False
Is 7529625 a multiple of 675?
True
Is 52324520 a multiple of 151?
True
Does 42 divide 16989264?
False
Is 127182207 a multiple of 12?
False
Is 38 a factor of 204715676?
False
Is 173744176 a multiple of 53?
True
Is 953 a factor of 1652656386?
True
Does 202 divide 438788440?
True
Is 1691 a factor of 502994714?
True
Is 180 a factor of 103731